{"id":13,"date":"2021-03-03T08:53:14","date_gmt":"2021-03-03T07:53:14","guid":{"rendered":"http:\/\/vulkania.education\/?page_id=13"},"modified":"2021-03-15T09:16:05","modified_gmt":"2021-03-15T08:16:05","slug":"startseite","status":"publish","type":"page","link":"https:\/\/vulkania.education\/","title":{"rendered":"VULKANIA"},"content":{"rendered":"\n<p class=\"has-large-font-size\"><\/p>\n\n\n\n<p class=\"has-background has-large-font-size\" style=\"background-color:#f3f3f3\">Willkommen bei Vulkania International<\/p>\n\n\n\n<p class=\"has-background has-medium-font-size\" style=\"background-color:#f3f3f3\">Vulkania International ist ein Unternehmen der JBW-Group, welches die verschiedensten Aktivit\u00e4ten unter einem Dach verbindet. Von Softwarel\u00f6sungen bis zum Handwerk, B\u00fcromanagement bis Landmaschinenverkauf und -reparatur.<\/p>\n\n\n\n<p class=\"has-background has-medium-font-size\" style=\"background-color:#f3f3f3\">Besonderes Augenmerk legen wir dabei auf Nachhaltigkeit und k\u00fcmmern uns um unsere wichtigste Ressource &#8211; junge Menschen, wie unser reichhaltiges Ausbildungsplatzangebot eindrucksvoll belegt.<\/p>\n","protected":false},"excerpt":{"rendered":"<p>Willkommen bei Vulkania International Vulkania International ist ein Unternehmen der JBW-Group, welches die verschiedensten Aktivit\u00e4ten unter einem Dach verbindet. Von Softwarel\u00f6sungen bis zum Handwerk, B\u00fcromanagement bis Landmaschinenverkauf und -reparatur. Besonderes Augenmerk legen wir dabei auf Nachhaltigkeit und k\u00fcmmern uns um unsere wichtigste Ressource &#8211; junge Menschen, wie unser reichhaltiges Ausbildungsplatzangebot eindrucksvoll belegt.<\/p>\n","protected":false},"author":1,"featured_media":0,"parent":0,"menu_order":0,"comment_status":"closed","ping_status":"closed","template":"page-templates\/business.php","meta":{"footnotes":""},"class_list":["post-13","page","type-page","status-publish","hentry"],"_links":{"self":[{"href":"https:\/\/vulkania.education\/index.php?rest_route=\/wp\/v2\/pages\/13","targetHints":{"allow":["GET"]}}],"collection":[{"href":"https:\/\/vulkania.education\/index.php?rest_route=\/wp\/v2\/pages"}],"about":[{"href":"https:\/\/vulkania.education\/index.php?rest_route=\/wp\/v2\/types\/page"}],"author":[{"embeddable":true,"href":"https:\/\/vulkania.education\/index.php?rest_route=\/wp\/v2\/users\/1"}],"replies":[{"embeddable":true,"href":"https:\/\/vulkania.education\/index.php?rest_route=%2Fwp%2Fv2%2Fcomments&post=13"}],"version-history":[{"count":7,"href":"https:\/\/vulkania.education\/index.php?rest_route=\/wp\/v2\/pages\/13\/revisions"}],"predecessor-version":[{"id":304,"href":"https:\/\/vulkania.education\/index.php?rest_route=\/wp\/v2\/pages\/13\/revisions\/304"}],"wp:attachment":[{"href":"https:\/\/vulkania.education\/index.php?rest_route=%2Fwp%2Fv2%2Fmedia&parent=13"}],"curies":[{"name":"wp","href":"https:\/\/api.w.org\/{rel}","templated":true}]}}